he highest common factor of 19 and c?
19
Let q = 70 + -50. Let t(z) = -z**2 + 7*z - 3. Let l be t(6). Suppose l*o - 4*o + 5*f = -35, 112 = 2*o + 4*f. Calculate the greatest common divisor of q and o.
10
Let r(o) be the third derivative of o**6/120 - o**5/20 + o**4/24 + o**3/3 + o**2. Let u be r(3). What is the highest common divisor of u and 20?
5
Suppose -2*m = u - 12, 5*u - 2 = -2*m + 26. Calculate the greatest common factor of u and 44.
4
Suppose 3*a - 90 = -2*a. Suppose -5*f = -f - 72. What is the highest common divisor of f and a?
18
Suppose -4*j - 2*v = -42, -5*j - 3*v - 24 = -76. What is the highest common factor of j and 121?
11
Suppose -t - 8 = 2*r - 5*t, 21 = 3*r + 5*t. Calculate the greatest common divisor of r and 14.
2
Let w(p) = -2*p**3 - 5*p**2 - 5*p. Let i be w(-2). Let y(q) = -q - 1. Let z be y(-5). What is the greatest common factor of z and i?
2
Let w(a) = a**2 + 96. Let d be w(0). Suppose 85 = 3*i + 28. Suppose 0 = z + 7 - i. What is the greatest common divisor of z and d?
12
Let s = -5 + 13. Suppose 0 = h + h. Suppose -c + 12 = -h*c. What is the greatest common divisor of c and s?
4
Let s = 5 - -14. What is the greatest common divisor of 133 and s?
19
Suppose -3*u + 6 = m - 14, -2*u + 20 = 2*m. Suppose 2*a - 34 = 5*c, -2*c = -0*a + m*a - 27. What is the greatest common factor of a and 77?
7
Suppose -10*k + 245 = 95. Calculate the greatest common factor of 30 and k.
15
Let m = -30 + 42. Calculate the highest common factor of 60 and m.
12
Let f = 3 + -4. Let n be (f/2 - -1)*8. Suppose 13 = d + l, -d - 3*l - n = -15. What is the highest common divisor of d and 112?
14
Let j = 12 - 21. Let k(x) = -x**2 - 9*x + 3. Let a be k(j). Calculate the highest common factor of 1 and a.
1
Let o(k) = 20*k - 20. Let y be o(9). What is the highest common divisor of y and 20?
20
Let s = 5 - -2. Suppose 2*z - 51 + 19 = 2*k, -125 = -5*z - 4*k. What is the greatest common divisor of s and z?
7
Suppose 27 = -3*t + 2*t. Let v = t + 67. Calculate the greatest common divisor of v and 5.
5
Let y be (2 + 0)*3*9. Calculate the greatest common factor of 9 and y.
9
Suppose 0 = 3*y - 4 + 1. What is the greatest common divisor of y and 2?
1
Suppose 49 + 23 = 3*i. Calculate the highest common divisor of 3 and i.
3
Let a be (2 - -35 - 2) + 0. Calculate the highest common factor of 14 and a.
7
Suppose 24 = 2*d - 0*d. Let w = d + 6. Calculate the greatest common divisor of w and 2.
2
Let y = 23 - 19. Suppose 0 = -y*c - 0*c + 504. Calculate the highest common divisor of c and 14.
14
Let v be 612/27 + (-1)/(-3). Let l(o) = o**2 - 3*o + 7. Let r be l(5). Suppose v = 2*f - r. Calculate the highest common factor of f and 4.
4
Let l = 171 + -122. What is the greatest common divisor of 196 and l?
49
Suppose 0*f = 3*f - 564. Suppose 3*h - 196 = -2*o, -3*o + o - 5*h = -f. Let q(b) = 3*b + 34. Let u be q(-7). Calculate the greatest common divisor of o and u.
13
Let r = 118 - 46. Suppose -4*w = w - 40. What is the highest common divisor of r and w?
8
Let a be (-64)/(-12)*174/8. Suppose 5*m - 103 - 49 = -3*j, 4*m - a = -j. What is the highest common factor of m and 308?
28
Suppose -5*f + 2*x + 212 = 0, -2*f - x = -6*f + 172. Calculate the highest common divisor of f and 110.
22
Let j = 238 - 40. Suppose 16*w + 9 = 297. What is the highest common divisor of w and j?
18
Let z = 109 - 104. Calculate the highest common divisor of 55 and z.
5
Suppose -6*g = 2*g - 24. Calculate the highest common factor of g and 1.
1
Let x be (-12)/(-2)*(-230)/(-3). Suppose 60 + x = 5*v. Let d(s) = -4*s - 7. Let u be d(-5). What is the greatest common factor of u and v?
13
Let b be (-4)/(-14) + (-82)/(-7). Let i = 15 + -12. Calculate the highest common divisor of b and i.
3
Let p(i) = -i**3 - 3*i**2 - 3*i - 4. Let w be p(-2). Let m be 2/(w*(-2)/28). Calculate the greatest common factor of 14 and m.
14
Let z(c) = -c**3 - 9*c**2 - 9*c - 3. Let r be z(-8). Suppose 44 = r*n - 3*w, n = 4*w - 0 + 2. Calculate the highest common factor of 10 and n.
10
Let s(o) = -o**2 + 25*o + 50. Let l be s(26). Suppose -3*p - 3*d = -585, 2*p - 452 = -d - 65. What is the greatest common divisor of p and l?
24
Let w = 33 - 21. Let a = 181 + -73. What is the highest common divisor of a and w?
12
Let f(y) = -3*y. Let s be f(-4). Let a = s + 0. Suppose -a = 4*o, -4*g - o + 3*o = -270. Calculate the highest common factor of 6 and g.
6
Let m = -5 - -13. What is the greatest common factor of 24 and m?
8
Let h be (-29)/(-9) - 14/63. What is the greatest common divisor of h and 27?
3
Suppose -42 = -4*k + 46. Calculate the highest common divisor of k and 33.
11
Suppose 37*w - 41*w + 16 = 0. What is the highest common factor of w and 1?
1
Suppose -3*c + 4*c = 2. Suppose -c = k - 8. Let x be 7 + (-2)/4*k. What is the greatest common factor of x and 6?
2
Let g(j) = j**3 - 2*j**2 + j - 15. Let x be g(6). Calculate the greatest common divisor of 15 and x.
15
Suppose 2*g - 340 = -2*g. Calculate the greatest common factor of g and 34.
17
Let s be 3/(-18) + 74/12. Calculate the greatest common divisor of s and 33.
3
Let r = 4 + 2. Let c = 4 + r. Let h be -15*3/(-9)*c. What is the greatest common factor of h and 10?
10
Let c = -97 + 122. Calculate the greatest common factor of 75 and c.
25
Let o be -4 + 5 + 0 + 3. Suppose -o*y + 17 = -91. What is the highest common divisor of y and 18?
9
Suppose -32 = -4*v + 4*r, 0 = -2*v + 2*r + r + 17. Calculate the greatest common factor of 35 and v.
7
Let a be -2 - (-4 - (1 - 3)). Suppose a = 5*l - 57 - 28. Let s be (-2)/(-3) - (-151)/3. Calculate the greatest common factor of s and l.
17
Suppose -113 - 1532 = -5*q. Suppose 5*n = -104 + q. Calculate the highest common factor of 5 and n.
5
Suppose 0*a + 2*a = 6. Suppose -3*b + w + 46 = 0, a*b - 4*w = 2*b + 8. What is the greatest common divisor of 40 and b?
8
Let a be (16 + -4)*(-2)/(-3). Calculate the highest common factor of 16 and a.
8
Let x = 279 + -124. Suppose -30 + x = 5*n. What is the highest common divisor of n and 200?
25
Suppose -5*v + 10 = 0, 0*a - 85 = -5*a - 5*v. Calculate the greatest common factor of a and 30.
15
Let v(o) = o**3 + 14*o**2 - 4. Let l be v(-13). Let y(x) = x**2 + 4*x. Let z be y(6). Suppose 0*a + 4*a = z. Calculate the highest common factor of l and a.
15
Suppose 0 = y - 5*y. Suppose y*d - 5*d + 20 = 0. Calculate the greatest common factor of 8 and d.
4
Let s(r) be the third derivative of -5*r**4/12 + r**3/3 - 2*r**2. Let o be s(-2). Calculate the highest common factor of o and 33.
11
Let r be 0/(3 + 0) + 10. Calculate the highest common factor of 90 and r.
10
Suppose 0 = 5*m + 5*l - 55, 6*m = 2*m - l + 50. Let o = 118 - 53. Calculate the highest common divisor of o and m.
13
Let r = 9 - 5. Suppose i = -5*n + 6, -i - 4*i + 5 = 0. Calculate the greatest common divisor of n and r.
1
Suppose 0 = -4*d - 3*g - 16, -14 + 2 = 3*g. Let j be ((-9)/2 + d)*-6. Calculate the greatest common factor of j and 22.
11
Let b be 17*2*231/66. Calculate the greatest common factor of b and 34.
17
Let y = -3 + 6. Suppose 5 = t + y. What is the highest common divisor of t and 6?
2
Let s(o) = -o**2 + 12*o - 27. Let v be s(6). Suppose -88 = -2*y - 2*q - 0*q, -5*q = 2*y - 85. What is the greatest common divisor of v and y?
9
Suppose 2*z - 5 = 7. What is the greatest common divisor of z and 18?
6
Suppose 0*p + 26 = 2*p. Let r = 88 - 49. Calculate the greatest common divisor of r and p.
13
Let m be (216/30)/((-6)/(-15)). Calculate the greatest common factor of m and 2.
2
Let o(i) = 17*i**3 + 2*i**2 - 2*i + 3. Let c be o(2). What is the greatest common divisor of c and 13?
13
Let b be ((-4)/(-6))/((-3)/(-135)). Suppose 2*z - 10 = b. What is the highest common factor of 8 and z?
4
Suppose -2*y = -2*w + 230, 2*w - 100 = w + 4*y. What is the greatest common factor of w and 12?
12
Let o(r) = -10*r**3 + r + 2. Let c be o(-2). Calculate the highest common factor of c and 10.
10
Let z(j) = -j**3 + 9*j**2 - 8*j + 2. Let p be z(8). Suppose r + y - 24 = 0, 5*r + p*y = y + 108. What is the highest common divisor of 3 and r?
3
Let n(r) = -114*r - 3. Let q be n(-2). Suppose k - 6*k = -q. Calculate the greatest common divisor of 9 and k.
9
Suppose -2*f + 0*f = -2*o + 6, 6 = 3*o - 2*f. Suppose -5*w - 30 = -o*w. Let s be w/4*2/(-3). What is the highest common